False
Is 13 a factor of 1049?
False
Does 2 divide 41?
False
Is 19 a factor of 9272?
True
Is 4497 a multiple of 51?
False
Does 7 divide 931?
True
Does 34 divide 365?
False
Is 73 a factor of 18031?
True
Is 5 a factor of 500?
True
Is 3182 a multiple of 43?
True
Is 3 a factor of 3861?
True
Does 20 divide 3480?
True
Is 83 a factor of 996?
True
Does 48 divide 4613?
False
Does 20 divide 160?
True
Is 163 a factor of 26478?
False
Is 8965 a multiple of 2?
False
Does 53 divide 57505?
True
Does 6 divide 260?
False
Does 23 divide 135?
False
Does 64 divide 6080?
True
Is 239 a multiple of 17?
False
Is 883 a multiple of 26?
False
Is 219 a multiple of 4?
False
Is 88 a factor of 262?
False
Is 1672 a multiple of 11?
True
Does 6 divide 1641?
False
Is 3720 a multiple of 60?
True
Is 234 a factor of 8393?
False
Is 26861 a multiple of 21?
False
Is 417 a multiple of 36?
False
Is 12749 a multiple of 15?
False
Is 3038 a multiple of 7?
True
Is 14 a factor of 8815?
False
Does 313 divide 37385?
False
Does 35 divide 6256?
False
Does 27 divide 2076?
False
Does 7 divide 4815?
False
Is 39479 a multiple of 86?
False
Is 11 a factor of 833?
False
Is 210 a multiple of 5?
True
Does 8 divide 161?
False
Does 23 divide 2135?
False
Is 18 a factor of 1124?
False
Is 21 a factor of 567?
True
Is 2366 a multiple of 65?
False
Is 5624 a multiple of 148?
True
Does 9 divide 77215?
False
Is 721 a multiple of 33?
False
Is 2500 a multiple of 20?
True
Does 5 divide 1530?
True
Does 25 divide 23200?
True
Is 17248 a multiple of 11?
True
Is 1248 a multiple of 39?
True
Is 45 a factor of 371?
False
Is 18642 a multiple of 78?
True
Is 37 a factor of 5103?
False
Does 18 divide 7992?
True
Is 27118 a multiple of 5?
False
Is 598 a multiple of 4?
False
Does 18 divide 5976?
True
Does 157 divide 33363?
False
Is 51 a factor of 3774?
True
Does 38 divide 6446?
False
Does 22 divide 704?
True
Is 4187 a multiple of 53?
True
Does 15 divide 119?
False
Is 5 a factor of 2170?
True
Is 17 a factor of 309?
False
Is 43215 a multiple of 84?
False
Is 8 a multiple of 6?
False
Is 4 a factor of 18146?
False
Is 26 a factor of 46?
False
Is 1728 a multiple of 48?
True
Does 141 divide 6408?
False
Is 672 a multiple of 24?
True
Is 43 a factor of 8386?
False
Is 44 a factor of 1804?
True
Is 8 a factor of 44639?
False
Is 8 a factor of 46?
False
Does 161 divide 32663?
False
Is 126 a multiple of 9?
True
Is 11980 a multiple of 23?
False
Does 48 divide 2544?
True
Is 30 a factor of 240?
True
Does 105 divide 376?
False
Does 9 divide 1440?
True
Is 708 a multiple of 15?
False
Does 66 divide 7841?
False
Is 65025 a multiple of 78?
False
Is 3060 a multiple of 18?
True
Does 29 divide 29?
True
Is 9 a factor of 687?
False
Is 836 a multiple of 8?
False
Does 17 divide 5916?
True
Is 487 a multiple of 2?
False
Does 4 divide 2772?
True
Is 13 a factor of 4351?
False
Is 138 a factor of 35466?
True
Is 41 a factor of 410?
True
Is 50 a factor of 2387?
False
Is 12717 a multiple of 81?
True
Does 48 divide 1522?
False
Is 37 a factor of 222?
True
Is 12 a factor of 39200?
False
Is 4 a factor of 106?
False
Is 8563 a multiple of 82?
False
Does 25 divide 867?
False
Does 15 divide 13274?
False
Is 80 a factor of 482?
False
Is 15 a factor of 10083?
False
Does 26 divide 451?
False
Does 10 divide 84?
False
Is 2272 a multiple of 11?
False
Is 5 a factor of 170?
True
Is 63245 a multiple of 139?
True
Is 8 a factor of 704?
True
Is 152 a multiple of 38?
True
Is 11407 a multiple of 125?
False
Does 14 divide 2700?
False
Is 6 a factor of 4962?
True
Is 7 a factor of 1559?
False
Is 43476 a multiple of 81?
False
Is 490 a multiple of 49?
True
Is 36090 a multiple of 18?
True
Is 3693 a multiple of 210?
False
Is 39 a factor of 8311?
False
Does 7 divide 375?
False
Is 12241 a multiple of 28?
False
Does 26 divide 1144?
True
Is 9 a factor of 62478?
True
Is 35 a factor of 1061?
False
Does 4 divide 1132?
True
Is 15 a factor of 68381?
False
Is 311 a multiple of 20?
False
Is 65 a factor of 7345?
True
Does 15 divide 90630?
True
Does 148 divide 8840?
False
Is 32 a factor of 180?
False
Is 4 a factor of 180?
True
Is 31 a factor of 201?
False
Is 1752 a multiple of 10?
False
Is 6650 a multiple of 19?
True
Does 74 divide 13912?
True
Is 5960 a multiple of 8?
True
Is 11 a factor of 6105?
True
Is 8250 a multiple of 6?
True
Is 731 a multiple of 43?
True
Is 7550 a multiple of 168?
False
Is 14 a factor of 840?
True
Is 1222 a multiple of 26?
True
Does 20 divide 1456?
False
Does 120 divide 4640?
False
Is 62 a factor of 7998?
True
Is 32923 a multiple of 142?
False
Is 16 a factor of 10816?
True
Is 377 a multiple of 23?
False
Is 21 a factor of 24801?
True
Does 33 divide 9785?
False
Does 6 divide 4998?
True
Does 10 divide 25280?
True
Is 6 a factor of 636?
True
Is 2 a factor of 95?
False
Is 18182 a multiple of 12?
False
Is 23 a factor of 2445?
False
Is 31 a factor of 65348?
True
Does 203 divide 16025?
False
Is 266 a multiple of 3?
False
Does 78 divide 25506?
True
Does 88 divide 1056?
True
Is 14820 a multiple of 12?
True
Does 4 divide 13?
False
Is 8528 a multiple of 38?
False
Is 23 a factor of 43412?
False
Is 119 a factor of 952?
True
Is 18186 a multiple of 46?
False
Is 129 a factor of 258?
True
Is 37 a factor of 2257?
True
Is 11 a factor of 45441?
True
Does 7 divide 3948?
True
Does 214 divide 11601?
False
Is 2010 a multiple of 10?
True
Does 35 divide 6405?
True
Is 54 a multiple of 54?
True
Is 3417 a multiple of 101?
False
Is 17 a factor of 42483?
True
Does 56 divide 1421?
False
Does 23 divide 1587?
True
Is 34 a factor of 272?
True
Is 4878 a multiple of 35?
False
Is 726 a multiple of 66?
True
Is 90 a factor of 1260?
True
Does 8 divide 4664?
True
Is 5 a factor of 4400?
True
Does 77 divide 462?
True
Is 67 a factor of 3004?
False
Is 115 a factor of 4485?
True
Is 31860 a multiple of 18?
True
Is 74275 a multiple of 96?
False
Is 52 a factor of 13416?
True
Is 76480 a multiple of 197?
False
Is 609 a multiple of 29?
True
Is 10535 a multiple of 43?
True
Is 4879 a multiple of 86?
False
Is 1585 a multiple of 84?
False
Is 2425 a multiple of 25?
True
Is 23 a factor of 119?
False
Does 46 divide 1702?
True
Does 9 divide 598?
False
Is 24 a factor of 1056?
True
Does 141 divide 5781?
True
Is 83 a factor of 7304?
True
Is 2420 a multiple of 35?
False
Does 16 divide 5136?
True
Is 6629 a multiple of 24?
False
Is 166 a factor of 4980?
True
Is 7 a factor of 167?
False
Is 3 a factor of 224?
False
Is 8 a factor of 198?
False
Is 21 a factor of 1583?
False
Is 275 a factor of 1100?
True
Is 29 a factor of 16675?
True
Is 15 a factor of 600?
True
Is 71 a factor of 5556?
False
Is 24960 a multiple of 6?
True
Does 75 divide 11775?
True
Is 20176 a multiple of 16?
True
Is 13 a factor of 9022?
True
Is 3 a factor of 8695?
False
Does 6 divide 367?
False
Does 25 divide 15950?
True
Does 8 divide 10872?
True
Is 86 a factor of 8653?
False
Is 27240 a multiple of 20?
True
Does 74 divide 12797?
False
Does 10 divide 210?
True
Is 2757 a multiple of 40?
False
Does 3 divide 190?
False
Is 63416 a multiple of 19?
False
Is 46457 a multiple of 27?
False
Does 17 divide 1105?
True
Is 83 a factor of 1245?
True
Is 123 a multiple of 41?
True
Is 92 a factor of 36616?
True
Does 8 divide 2600?
True
Is 3 a factor of 642?
True
Is 46 a factor of 12190?
True
Is 10 a factor of 5212?
False
Is 9 a factor of 888?
False
Does 12 divide 1285?
False
Is 97 a factor of 798?
False
Is 1161 a multiple of 19?
False
Is 311 a multiple of 5?
False
Is 8 a factor of 198?
False
Is 37 a factor of 815?
False
Is 8 a factor of 8070?
False
Is 746 a multiple of 57?
False
Is 615 a multiple of 6?
False
Does 189 divide 37233?
True
Does 95 divide 35295?
False
Does 60 divide 9144?
False
Is 2128 a multiple of 76?
True
Is 928 a multiple of 91?
False
Is 4 a factor of 7740?
True
Does 200 divide 44370?
False
Does 12 divide 12919?
False
Does 7 divide 72688?
True
Is 5 a factor of 1915?
True
Is 324 a multiple of 54?
True
Is 55 a factor of 2602?
False
Does 69 divide 207?
True
Is 13 a factor of 23647?
True
Is 18539 a multiple of 53?
False
Does 13 divide 429?
True
Does 21 divide 5699?
False
Is 1960 a multiple of 35?
True
Is 2640 a multiple of 80?
True
Is 4 a factor of 2159?
False
Does 25 divide 1100?
True
Does 114 divide 36444?
False
Is 51 a factor of 706?
False
Is 13675 a multiple of 43?
False
Is 22 a factor of 550?
True
I